= 32*t**3 - 288*t**2 + 220*t - 1977. What is y(9)?
3
Let h(i) = -i**3 - 4*i**2 - 831*i + 35. Calculate h(0).
35
Let z(g) = -3444*g - 89867. What is z(-26)?
-323
Let z(d) = 102804*d - 411262. What is z(4)?
-46
Let s(k) = -28*k**3 + 63*k**2 + 72*k - 137. Give s(1).
-30
Let u(r) = 178821*r - 11. Calculate u(0).
-11
Let s(x) = 44*x**3 + 4*x**2 + 21*x + 23. Calculate s(0).
23
Let o(k) = -975*k - 447617. Calculate o(-459).
-92
Let k(y) = -y**3 - 324*y**2 - 644*y + 1995. What is k(-322)?
1995
Let s(t) = 17*t**2 - 5292*t + 20893. Calculate s(4).
-3
Let q(o) = o**2 + 6278*o + 106442. What is q(-17)?
5
Let a(f) = -6933*f - 436774. Calculate a(-63).
5
Let n(m) = -25*m**3 - 275*m**2 - 97*m - 1104. What is n(-11)?
-37
Let j(u) = -u**3 - 743*u**2 - 9495*u - 60. Calculate j(-13).
5
Let d(j) = -j**3 + 4862*j**2 - 77521*j - 271. Calculate d(16).
-31
Let n(w) = -2*w**3 + 14*w**2 - 251*w + 2145. What is n(8)?
9
Let n(v) = v**2 + 251465*v - 5532731. Give n(22).
-17
Let s(d) = d**3 - 1465*d**2 + 890*d + 840324. Calculate s(1464).
-12
Let n(q) = -7*q**2 - 180*q + 1008. Determine n(5).
-67
Let i(c) = c**3 - 8*c**2 + 4569*c - 31918. Determine i(7).
16
Let l(x) = 43*x**2 + 10274*x - 41789. Give l(4).
-5
Let f(t) = 11305*t - 4804619. What is f(425)?
6
Let h(o) = -572*o**2 + 24083*o - 2486. Calculate h(42).
-8
Let d(p) = -p**3 - 207*p**2 + 3508*p - 13384. Determine d(-223).
-4
Let n(j) = 281*j + 13189. Calculate n(-47).
-18
Let o(r) = -r**3 - 12*r**2 + 800*r + 8168. Give o(-10).
-32
Let i(f) = f**3 - 50*f**2 + 27*f + 1285. Determine i(49).
207
Let a(t) = -181*t + 8225. Give a(44).
261
Let y(b) = 1985*b + 32639. Give y(-16).
879
Let g(w) = -w**3 - 9*w**2 - 763*w - 8689. Determine g(-11).
-54
Let j(u) = -4*u**3 - 690*u**2 + 388*u + 7253. Determine j(-173).
-13
Let j(z) = -5*z**3 - 29*z**2 + 98*z - 32. Give j(-14).
6632
Let x(q) = -2*q**3 - 43*q**2 - 386*q - 7742. What is x(-21)?
-77
Let t(l) = 2*l**3 - 160*l**2 + 3192*l + 78. Calculate t(42).
78
Let u(g) = -2*g**3 + 55*g**2 + 1142*g - 1368. What is u(41)?
67
Let i(d) = -2*d**3 + 102*d**2 - 88*d - 130. Give i(50).
470
Let d(f) = -f**2 - 87*f - 210. What is d(-85)?
-40
Let y(j) = -7080*j + 7182. What is y(1)?
102
Let j(q) = 108*q**3 + 756*q**2 - 21*q - 152. Give j(-7).
-5
Let f(v) = -v**2 + 3006*v - 78446. Give f(26).
-966
Let b(r) = r**2 - 614*r - 153756. Calculate b(805).
-1
Let z(g) = -3*g**3 - 14*g**2 - 14*g - 73. What is z(-9)?
1106
Let k(b) = -b**2 + 180*b - 5664. Calculate k(133).
587
Let s(p) = -5913*p + 2619416. Calculate s(443).
-43
Let n(v) = v**3 + 78*v**2 - 60*v + 5209. Give n(-80).
-2791
Let l(m) = -5*m**2 - 1034*m + 15441. Determine l(14).
-15
Let i(o) = -o**2 - 22417*o - 649258. What is i(-29)?
-6
Let g(b) = b**3 - 67*b**2 + 450*b + 7806. Determine g(18).
30
Let r(n) = 23747*n + 546539. Calculate r(-23).
358
Let u(l) = 14*l**2 - 12*l - 165. Determine u(5).
125
Let k(z) = z**3 - 42*z**2 + 75*z - 465. Give k(40).
-665
Let o(r) = -47928*r + 575119. What is o(12)?
-17
Let l(s) = s**3 + 238*s**2 + 6767*s + 160. Calculate l(-33).
94
Let g(x) = x**2 - 27*x - 829. What is g(-65)?
5151
Let h(s) = s**3 + 257*s**2 + 3410*s + 1941. Determine h(-243).
-3
Let u(r) = 8720*r - 35164. What is u(4)?
-284
Let q(x) = -2562*x - 53820. Calculate q(-21).
-18
Let b(v) = 2*v**3 + 234*v**2 + 407*v + 47619. What is b(-117)?
0
Let x(b) = 4*b**3 - 9*b**2 + 337*b - 1616. Calculate x(5).
344
Let w(k) = k**3 - 21*k**2 - 455*k + 9608. Calculate w(20).
108
Let b(l) = -432652*l - 5. Determine b(0).
-5
Let l(k) = -2*k**2 - 552*k - 22382. What is l(-226)?
218
Let v(u) = u**2 + 274*u - 12512. Give v(40).
48
Let z(x) = -7*x**2 - 925*x - 25101. Calculate z(-94).
-3
Let n(f) = 252194*f - 3278524. Determine n(13).
-2
Let m(z) = -21*z**3 + 6*z**2 + 892*z - 4455. Give m(5).
-2470
Let b(v) = -2513*v + 210754. Determine b(84).
-338
Let j(z) = 12548*z + 50186. Give j(-4).
-6
Let f(n) = -n**2 + 5542*n - 4203985. What is f(907)?
-40
Let c(z) = -14*z**2 + 534*z + 19681. Calculate c(-23).
-7
Let i(z) = -3343*z - 53374. Give i(-16).
114
Let v(j) = j**3 - 124*j**2 - 1054*j + 44. Determine v(-8).
28
Let u(n) = -n**3 + 2*n**2 + 139*n - 9. What is u(0)?
-9
Let w(d) = -d**2 + 1420670*d - 8523977. Determine w(6).
7
Let v(w) = w**2 - 437*w + 7659. Give v(418).
-283
Let t(q) = -2*q**3 - 50*q**2 + 17*q - 1079. What is t(-26)?
-169
Let f(a) = 21*a**2 - 593*a + 3633. Calculate f(9).
-3
Let d(s) = -s**3 + 624*s**2 - 149*s - 295310. Calculate d(623).
-8
Let a(b) = -2580*b + 209996. What is a(82)?
-1564
Let h(q) = 10452*q - 198622. What is h(19)?
-34
Let d(q) = -2*q**3 - 180*q**2 - 327*q + 353. Determine d(-88).
-1847
Let g(t) = -t**3 + 166*t**2 + 85*t + 13504. What is g(167)?
-190
Let o(g) = -g**2 - 65*g + 19768. Determine o(112).
-56
Let v(p) = 9*p**3 - 946*p**2 + 65*p + 3988. Determine v(105).
-212
Let w(p) = -707*p + 6511. Calculate w(9).
148
Let n(x) = -48*x**2 - 116*x + 625. Give n(5).
-1155
Let g(w) = -2758*w - 112960. Give g(-41).
118
Let v(u) = 525*u + 538. What is v(3)?
2113
Let t(n) = 6419*n + 38502. Calculate t(-6).
-12
Let p(f) = 1381*f - 116021. What is p(84)?
-17
Let l(u) = -211*u + 2186. Calculate l(7).
709
Let h(t) = -5690*t + 97136. Give h(17).
406
Let y(g) = -92583*g - 2777497. Calculate y(-30).
-7
Let p(j) = j**2 - 832*j + 129365. Give p(625).
-10
Let a(i) = -i**3 - 13*i**2 + 1466*i + 9063. Determine a(-6).
15
Let d(j) = 27*j**2 - 862*j + 6798. What is d(17)?
-53
Let f(i) = -8129*i + 2154156. Give f(265).
-29
Let l(w) = 51754*w + 207019. Give l(-4).
3
Let w(i) = -7*i**2 - 692*i + 134. What is w(-99)?
35
Let a(x) = 3*x**3 - 18*x**2 - x - 55. Give a(13).
3481
Let j(p) = -2*p**3 - 74*p**2 - 177*p - 102. Determine j(-1).
3
Let n(w) = w**3 + 205*w**2 - 3537*w - 183. Calculate n(-221).
38
Let f(v) = 5747*v + 229912. Determine f(-40).
32
Let j(p) = 2*p**2 - 1211*p - 965148. Give j(-455).
-93
Let k(s) = 1684512*s - 30. Give k(0).
-30
Let o(y) = 1721*y**3 + 6884*y**2 - 12*y - 11. Determine o(-4).
37
Let g(a) = a**2 + 11016*a + 165021. Calculate g(-15).
6
Let l(h) = 1298*h**2 - 68761*h - 1747. Calculate l(53).
2
Let r(k) = k**3 - 6*k**2 - 5744*k + 45833. Calculate r(8).
9
Let s(d) = -d**3 - 34*d**2 + 94*d + 527. Determine s(-36).
-265
Let a(q) = -q**3 - 26*q**2 - 61*q + 91. Give a(-19).
-1277
Let a(l) = -4*l**3 - 83*l**2 - 25*l + 672. What is a(-20)?
-28
Let t(c) = -26*c**3 - 30*c**2 - 8*c + 63. Give t(3).
-933
Let z(l) = -1072133*l - 20370511. Give z(-19).
16
Let q(m) = 2*m**3 - 101*m**2 + 412*m + 51. Calculate q(46).
-41
Let s(y) = -6*y**3 + 15*y**2 + 112*y - 325. Give s(3).
-16
Let p(i) = 31*i**3 - 73*i**2 + 212*i - 412. Determine p(2).
-32
Let b(h) = h**2 + 2943*h - 304336. What is b(100)?
-36
Let f(x) = -x**2 + 36*x + 440. What is f(-21)?
-757
Let n(q) = -128*q**2 - 236*q - 3. Give n(0).
-3
Let h(f) = 443*f**3 - 11*f**2 + 42*f + 110. Calculate h(-2).
-3562
Let z(m) = 2*m**3 - 38*m**2 + 22*m - 182. Calculate z(17).
-964
Let i(q) = 771*q - 27624. Calculate i(36).
132
Let h(r) = 189*r + 15086. What is h(-80)?
-34
Let a(x) = -14*x**2 + 347*x - 179. What is a(25)?
-254
Let b(m) = 3*m**3 - 397*m**2 + 94*m + 5037. Determine b(132).
21
Let b(d) = 27*d**2 + 324*d + 125. Determine b(-6).
-847
Let h(i) = 2*i**3 - 60*i**2 + 92*i - 1861. Calculate h(30).
899
Let g(p) = 6*p**2 + 444*p - 197. What is g(-75)?
253
Let z(i) = -7562*i - 998180. Give z(-132).
4
Let h(q) = 465*q**2 - 109279*q + 939. Give h(235).
-1
Let z(d) = -5468*d + 11222. What is z(2)?
286
Let u(k) = 2197*k + 83449. Determine u(-38).
-37
Let m(c) = c**3 + 11*c**2 - 9564*c - 57458. Give m(-6).
106
Let c(r) = 245*r - 3862. Calculate c(21).
1283
Let k(i) = -19*i**3 + 164*i**2 - 346*i + 3225. What is k(9)?
-456
Let c(b) = -b**2 - 504*b - 23215. Give c(-51).
-112
Let l(k) = 62127*k - 496919. Determine l(8).
97
Let o(t) = -25*t**2 - 505*t + 1925. Calculate o(-24).
-355
Let a(j) = 4*j**2 - 700*j + 21146. What is a(136)?
-70
Let p(a) = 242240*a + 1211196. Give p(-5).
-4
Let a(g) = g**2 - 7019*g + 237450. What is a(34)?
-40
Let f(i) = i**3 - 11*i**2 + 43*i - 185. Determine f(11).
288
Let b(o) = -452*o - 1308. Determine b(-3).
48
Let k(p) = -p**3 + 85*p**2 - 323*p + 122. Determine k(81).
203
Let i(v) = -3*v + 456. Calculate i(155).
-9
Let j(r) = -69*r**2 + 2785*r - 10. Give j(40).
990
Let p(v) = -509*v + 66660. G